hest common factor of 671 and 976.
61
Calculate the greatest common factor of 13272 and 32.
8
What is the highest common divisor of 1029 and 21?
21
Calculate the greatest common factor of 54 and 135.
27
What is the greatest common factor of 62 and 1054?
62
What is the highest common divisor of 10140 and 180?
60
Calculate the greatest common divisor of 2740 and 12.
4
Calculate the greatest common divisor of 945 and 21.
21
Calculate the greatest common factor of 4965 and 30.
15
Calculate the greatest common divisor of 351 and 156.
39
What is the highest common factor of 15 and 10695?
15
Calculate the highest common factor of 9 and 8649.
9
Calculate the greatest common factor of 66 and 759.
33
What is the greatest common factor of 214 and 24182?
214
Calculate the greatest common divisor of 25 and 125.
25
What is the greatest common divisor of 272 and 476?
68
Calculate the highest common factor of 2183 and 74.
37
What is the highest common factor of 189 and 324?
27
Calculate the highest common factor of 132 and 36.
12
What is the highest common factor of 861 and 82?
41
What is the greatest common divisor of 2 and 661?
1
Calculate the greatest common factor of 5 and 215.
5
Calculate the highest common factor of 323 and 17.
17
Calculate the highest common divisor of 28 and 11704.
28
Calculate the highest common divisor of 1 and 199.
1
What is the greatest common divisor of 111 and 2812?
37
What is the greatest common factor of 30 and 7640?
10
Calculate the highest common factor of 73 and 1168.
73
Calculate the greatest common factor of 65 and 3185.
65
Calculate the greatest common divisor of 104 and 26.
26
What is the highest common divisor of 20241 and 78?
39
What is the highest common divisor of 60 and 2260?
20
Calculate the highest common factor of 359 and 74313.
359
What is the highest common divisor of 88 and 594?
22
What is the highest common factor of 2440 and 40?
40
What is the highest common divisor of 56 and 2786?
14
Calculate the highest common divisor of 77 and 28.
7
Calculate the highest common factor of 10776 and 120.
24
What is the highest common divisor of 14 and 50?
2
Calculate the highest common factor of 8650 and 150.
50
Calculate the greatest common divisor of 8189 and 19.
19
Calculate the greatest common factor of 1960 and 640.
40
What is the greatest common factor of 2 and 926?
2
Calculate the greatest common divisor of 115 and 815.
5
Calculate the highest common divisor of 90 and 486.
18
What is the highest common factor of 387 and 43?
43
Calculate the highest common divisor of 1430 and 5830.
110
Calculate the greatest common factor of 588 and 20.
4
Calculate the highest common divisor of 312 and 117.
39
What is the highest common divisor of 83 and 7?
1
What is the highest common factor of 170 and 204?
34
What is the greatest common factor of 3399 and 33?
33
What is the highest common divisor of 80 and 300?
20
What is the highest common factor of 40 and 152?
8
What is the greatest common factor of 12 and 2586?
6
Calculate the highest common divisor of 234 and 6903.
117
What is the highest common divisor of 170 and 68?
34
Calculate the highest common factor of 323 and 57.
19
What is the highest common divisor of 175 and 203?
7
Calculate the highest common divisor of 105 and 5670.
105
Calculate the highest common divisor of 1634 and 172.
86
What is the greatest common factor of 3596 and 620?
124
Calculate the highest common divisor of 308 and 869.
11
What is the greatest common factor of 44 and 28?
4
What is the greatest common divisor of 328 and 8?
8
What is the greatest common divisor of 30 and 2130?
30
What is the greatest common divisor of 18 and 1197?
9
Calculate the highest common divisor of 44 and 220.
44
Calculate the greatest common divisor of 3519 and 138.
69
Calculate the highest common factor of 2796 and 60.
12
What is the greatest common factor of 8 and 248?
8
What is the highest common divisor of 3248 and 2576?
112
What is the highest common factor of 53 and 52?
1
Calculate the greatest common divisor of 270 and 27.
27
What is the highest common divisor of 20 and 32?
4
What is the greatest common factor of 216 and 27?
27
Calculate the greatest common divisor of 85 and 20655.
85
What is the highest common divisor of 288 and 976?
16
What is the greatest common factor of 788 and 4?
4
Calculate the highest common factor of 95 and 665.
95
What is the greatest common divisor of 7442 and 915?
61
What is the greatest common divisor of 1342 and 418?
22
What is the greatest common factor of 7993 and 1?
1
What is the greatest common factor of 20 and 285?
5
What is the greatest common divisor of 10 and 1165?
5
Calculate the highest common divisor of 819 and 252.
63
What is the highest common factor of 16 and 9?
1
Calculate the greatest common factor of 18 and 711.
9
Calculate the greatest common divisor of 255 and 3485.
85
Calculate the highest common divisor of 6490 and 44.
22
Calculate the highest common factor of 218 and 19.
1
What is the highest common divisor of 854 and 994?
14
Calculate the highest common factor of 61 and 427.
61
Calculate the highest common divisor of 14 and 1134.
14
What is the greatest common divisor of 150 and 30?
30
What is the greatest common factor of 530 and 2014?
106
What is the highest common divisor of 116 and 29?
29
What is the highest common divisor of 451 and 369?
41
What is the highest common divisor of 1150 and 100?
50
What is the greatest common divisor of 2532 and 24?
12
What is the highest common divisor of 8816 and 32?
16
Calculate the greatest common factor of 1701 and 75.
3
Calculate the highest common factor of 330 and 45.
15
What is the greatest common divisor of 159 and 67?
1
What is the greatest common factor of 4501 and 49?
7
What is the greatest common divisor of 93 and 93?
93
What is the highest common factor of 144 and 40?
8
Calculate the highest common divisor of 67 and 134.
67
What is the highest common factor of 533 and 1027?
13
Calculate the highest common factor of 10773 and 133.
133
What is the greatest common factor of 264 and 121?
11
Calculate the greatest common factor of 84 and 56868.
84
Calculate the greatest common divisor of 18 and 36.
18
What is the highest common divisor of 126 and 18?
18
What is the highest common factor of 2820 and 12?
12
Calculate the highest common divisor of 198 and 117.
9
What is the highest common factor of 7531 and 51?
17
Calculate the greatest common factor of 1576 and 8.
8
What is the highest common divisor of 3 and 4?
1
Calculate the highest common divisor of 474 and 18.
6
Calculate the highest common divisor of 6603 and 186.
93
What is the highest common divisor of 5 and 6?
1
What is the greatest common factor of 1506 and 6?
6
What is the highest common factor of 2900 and 1595?
145
What is the highest common divisor of 1127 and 196?
49
Calculate the greatest common factor of 12376 and 91.
91
Calculate the highest common divisor of 7462 and 28.
14
What is the greatest common divisor of 594 and 162?
54
Calculate the greatest common divisor of 264 and 136.
8
Calculate the greatest common factor of 78 and 4.
2
What is the greatest common factor of 986 and 232?
58
Calculate the greatest common factor of 42 and 1918.
14
Calculate the greatest common factor of 10144 and 80.
16
What is the greatest common divisor of 2016 and 126?
126
Calculate the greatest common factor of 220 and 110.
110
Calculate the greatest common factor of 33 and 1067.
11
Calculate the greatest common factor of 506 and 99.
11
What is the greatest common divisor of 78 and 4407?
39
Calculate the highest common factor of 60 and 1240.
20
Calculate the highest common factor of 230 and 345.
115
What is the greatest common divisor of 66 and 2332?
22
What is the highest common factor of 448 and 56?
56
Calculate the greatest common divisor of 6 and 234.
6
Calculate the highest common factor of 56603 and 214.
107
Calculate the highest common factor of 47 and 1457.
47
Calculate the greatest common factor of 272 and 170.
34
Calculate the highest common factor of 165 and 28545.
165
What is the highest common divisor of 511 and 70?
7
Calculate the highest common divisor of 105 and 60.
15
What is the greatest common factor of 912 and 48?
48
Calculate the highest common divisor